c) = -41*c + 37. What is the tens digit of s(-6)?
8
Suppose j - 34 = g, 22 - 2 = 4*g. What is the tens digit of j?
3
Suppose 5*y = 2*h - 14, -3*h + 2*y - 3*y + 4 = 0. Let u(c) = c + h*c + c. What is the units digit of u(2)?
8
What is the units digit of (-10)/2*(-126)/15?
2
Let c be 418/18 - 2/9. What is the tens digit of -3*(c/(-3) - 2)?
2
Let a be 3/(-1*(-9)/33). Suppose 4*v - 20 = -v - 5*k, -5*v + 4*k = -a. What is the units digit of v?
3
Suppose 2*j - 2 - 4 = 0. Let i(w) = 2 + 0*w - w - j. What is the units digit of i(-6)?
5
Let s(w) = -4*w - 1. Let b(g) = -g. Let j(d) = -6*b(d) + s(d). Let n be j(3). Suppose -n*l + 18 = 5*p - 57, 3*l + p = 47. What is the tens digit of l?
1
Let f(q) = 0 - 3*q + 1 + q**3 + 7*q**2 + 1. What is the units digit of f(-7)?
3
Suppose -263 = -13*t + 621. What is the units digit of t?
8
Let b = -4 - -1. What is the tens digit of ((-10)/b)/(2/6)?
1
Suppose 3*b = 6, -l + 0*b + 194 = -2*b. What is the hundreds digit of l?
1
Let z = 15 + -11. Let h = -6 + z. Let w = 5 + h. What is the units digit of w?
3
Let f(i) = -i**3 + 4*i**2 - 2*i - 1. Let g be f(2). Suppose -3 = -n - 0. Suppose 3*y + n*q = 24, 0*y + g*q = -y + 2. What is the units digit of y?
1
Let t(v) = -v**2 - 14*v. Let q be t(-6). Let k(b) = b**3 - 5*b**2 + 2. Let s be k(5). What is the tens digit of ((-2)/(-4))/(s/q)?
1
Suppose 4*x + 58 = 6*x. Let l = x + -16. What is the tens digit of l?
1
Let k = -56 - -56. Let n = 10 - 6. Let y = k + n. What is the units digit of y?
4
Let k(j) = 2*j**2 - j. Let d be k(-1). Suppose -d*l = -0*l + 12. Let i(u) = -2*u - 6. What is the units digit of i(l)?
2
Let r(d) = d**3 + d. Let j be r(-1). Let m = j + -6. Let f = 10 + m. What is the units digit of f?
2
Let h(n) = -n**3 + n**2 - 2. Let c be h(0). Let d be 0 + (0 - 1) - 0. What is the units digit of (d + 0)/(c/8)?
4
Let x(c) = -c**2 + 3*c + 1. Suppose -b + 18 = -5*b + 2*z, 22 = -b + 4*z. Let t = 1 - b. What is the units digit of x(t)?
1
Let t be -1 - 7*(-4)/(-2). Let d be (-4 - -1)*(-10)/t. Let x(w) = -5*w - 1. What is the units digit of x(d)?
9
What is the hundreds digit of (-4)/(835/(-415) - -2)?
3
Let f be 2*(-1)/2*-1. Suppose -x + w - f = -9, -x - 4*w = -33. What is the units digit of x?
3
Suppose 5*l = g + 3*l, -4*g + 5 = -3*l. Let z(o) = -g + 8 - 5*o - 3*o + o**2. What is the units digit of z(8)?
6
Let t be (0 - 0)*(-5)/(-5). Suppose -i = -t - 3. Suppose -43 = -i*x - 10. What is the tens digit of x?
1
Let k(v) = v**2 - 2*v - 1. Let z be k(-1). Let b = -2 - -2. Suppose b = 3*u + 3*j - 3, -2*u + 3*j = -j - z. What is the units digit of u?
1
Suppose 12 = 5*d - d. Suppose -2*r + 9 = -5*v, 2*r - r = -d*v + 32. What is the tens digit of r?
1
Suppose -j = -4*r - 29, 6*r + 4*j + 20 = 5*r. Let v = -12 - r. What is the units digit of 2/v + (-45)/(-6)?
7
What is the units digit of 3 - (-282 - (2 + 3 + -5))?
5
Suppose 2*j + 2*j - 4*h = 40, -j = 2*h + 2. What is the units digit of j?
6
Let x be 1 + (3 - 2) + -2. Suppose -4*g + 76 = -x*g. What is the units digit of g?
9
Let c be (-2 + 28)*(-1)/(-2). Let y = c + 2. What is the tens digit of y?
1
Let n(f) = -7*f + 1. Let b(q) = 6*q - 1. Let i(j) = -5*b(j) - 4*n(j). Let v be i(-1). Suppose -v*o = 1 - 7. What is the units digit of o?
2
What is the tens digit of 6/(-4)*364/(-21)?
2
Suppose 4*k - 2*y - 11 = -3, -9 = -k - 3*y. Suppose -k*o + 58 = -o. What is the tens digit of o?
2
Let d = 64 - 47. What is the tens digit of d?
1
Let x = 98 + -21. What is the units digit of x?
7
Let o be 0 + -2 + 9*1. Let s(f) = -f**3 + 6*f**2 + 8*f + 4. What is the tens digit of s(o)?
1
What is the tens digit of ((-6)/(-10) - 1) + (-11364)/(-60)?
8
Let i = 1 - 1. Let q be i/((-3 - -4)*-1). Suppose d - 16 = -q*d. What is the units digit of d?
6
Suppose 3*g + 3 - 12 = 0. Suppose -2*v - c + 29 = -v, g*c + 9 = 0. What is the tens digit of v?
3
Let z = 5 - -1. What is the units digit of (-42)/7*z/(-4)?
9
Suppose k - 46 = -2*n, 5*k + 2*n - 239 = n. What is the tens digit of k?
4
Let v(d) = 1 + d - 2 + 0. What is the units digit of v(3)?
2
Let l(n) = -n**2 - 2*n - 1. Let w be l(-3). Let x = 8 - w. What is the tens digit of x?
1
Suppose 2*q + 37 = 3*q. What is the units digit of q?
7
Suppose 4*l - 4 = -0. Let a be l/(-4) - (-18)/8. Suppose 3*d - 3*w = 18, -d + a*w + 3 + 1 = 0. What is the units digit of d?
8
Let g(v) = 74*v**2 - v. What is the tens digit of g(-1)?
7
Suppose -2*q + 321 = q. What is the hundreds digit of q?
1
Let p(y) = y**2 - 4*y + 8. What is the units digit of p(7)?
9
Let h(c) = -c**3 - c + 2. Let f be h(0). Suppose -k = -f*r + 5, -3*r - 4*k + 2 + 0 = 0. Suppose r*d - 8 = 0, 0*x + 2*d = x. What is the units digit of x?
8
Let f(n) = -n**3 - 4*n**2 - 2*n - 6. Let h be f(-4). Suppose -b = -g - 1, -4 = 4*b - 12. What is the units digit of (h/(-2)*g)/(-1)?
1
Let m(q) = q**2 + 14*q - 4. Let z be m(-10). Let t = -28 - z. What is the tens digit of t?
1
Let w = -10 - -18. Let o = w - 3. Suppose -o*q + 0*q = s + 13, s = 3*q + 27. What is the units digit of s?
2
Suppose -c = 2*k - 3, -2*c - k = -6*c + 12. Suppose -2*d = d + 3*p + c, 4*p + 20 = 0. What is the units digit of d?
4
Suppose -2*n = -n. Suppose n = f - 47 + 3. What is the units digit of f?
4
Suppose -3*l - 87 = -4*l. What is the units digit of l?
7
Let r(l) = l**3 + 17*l**2 - 2*l + 14. What is the tens digit of r(-17)?
4
Let n = 131 + -13. What is the tens digit of n?
1
Suppose -4*t + 200 = -4*j, 0 = t - 3*t + 4*j + 100. Suppose r + r - t = 0. What is the units digit of r?
5
Suppose -3*p - 3 + 15 = 0. Suppose 4*n + 3*i + 3 = 0, 0*n - 5 = n + 5*i. Suppose 3*g - 4*y + 1 = -p, n = -2*g - 3*y + 8. What is the units digit of g?
1
Let d(j) = 4*j**2 + 3*j + 16. What is the tens digit of d(-5)?
0
Suppose -5*v - 34 = -109. Suppose v + 0 = -5*f. What is the units digit of f + 5 + (-2)/(-1)?
4
Let g = 2 - -1. What is the units digit of g?
3
Suppose -2*y = 3*y - 20. What is the units digit of y?
4
Let n(d) = -d**3 - 3*d**2 + 14*d + 19. What is the hundreds digit of n(-8)?
2
Let v = 11 - 18. Suppose 5*d + 40 = -5*q, -3*d + 4 = -3*q - 2. Let u = q - v. What is the units digit of u?
2
Let j(q) = -3*q - 13. Let a(w) = 6*w + 2. Let y be a(3). Suppose -t + y = -3*t. What is the tens digit of j(t)?
1
Suppose 4*x = -3*l + 60, -32 + 1 = -l - 5*x. What is the units digit of l?
6
Let h(y) = y**3 - 11*y**2 - 13*y + 10. Let x be h(12). What is the units digit of -2 + 5 + 0/x?
3
Let c(o) = o**3 - 15*o**2 - 19*o - 2. What is the hundreds digit of c(17)?
2
Let c = -4 - -6. Suppose 2*q = -c*q - 2*b - 28, 4*b = 5*q + 22. Let z = -5 - q. What is the units digit of z?
1
Let b(o) = 2*o + 3 + 3*o - 4*o. Let x be b(-3). What is the units digit of (x - 1)*-1 + 5?
6
Let x = -33 + 51. Suppose 0 = -6*d - 6 + x. What is the units digit of d?
2
Let s(b) = b**3 - 3*b**2 + b - 7. Let u be s(3). Suppose 2*h = -4*k + 10, -4*h = -3*k - 35 - 7. Let j = u + h. What is the units digit of j?
5
Suppose 0 = 5*p + 5 - 0, 5*x - p = 26. Suppose 13 - x = 4*c. What is the units digit of c?
2
Suppose 45 = -d + 4*d - 3*b, 3*b = -d - 5. What is the tens digit of d?
1
Suppose 4*u = -3*j + 226, 10 = 2*j + 2*u - 140. What is the tens digit of j?
7
Let b = 456 + -158. What is the units digit of b?
8
Let k(x) = x**2 + 2*x + 1. Let b be (-94)/14 - 2/7. What is the tens digit of k(b)?
3
Let g be -1*7/(0 + -1). Let o = g + -5. Suppose o*v - l - 4 = 0, -4*v + l + 0 = -12. What is the units digit of v?
4
What is the tens digit of 36 + 1/((-3)/9)?
3
Let j be (-3 + (-15)/6)*-6. Let a = -14 + j. What is the tens digit of a?
1
Suppose -3*u + 4*i - 3 = -5, 0 = 3*u + 3*i - 9. Suppose 2*n - 40 = -u*n. What is the units digit of n?
0
Let u = 9 + -9. Suppose -2*l - 9 + 67 = u. What is the tens digit of l?
2
Suppose 0*r = -5*r + 10. Suppose 3*d = 4 + r. Suppose 0*a + a - d = -2*l, 4*a + 5*l - 20 = 0. What is the tens digit of a?
1
Suppose -4*f - 8 = -2*f. Let j = -1 - f. Let k(i) = 2*i**3 - 3*i**2 - 4*i + 2. What is the units digit of k(j)?
7
Suppose 5 = r - 3. Let w = r + -7. Let a = w + 13. What is the units digit of a?
4
Let d(q) = q**2 - 4*q + 10. Suppose 6*h - 28 = 2*h. What is the units digit of d(h)?
1
Suppose 2*d = -2*s + 3*s + 75, -135 = -3*d - 3*s. Suppose -i - 3*m = -10, -i - 8 = -2*i - m. What is the units digit of (d/(-14))/((-2)/i)?
0
Let z(c) = -c + 2. Let 